 73 = -7*j + a. Calculate the highest common divisor of j and 19.
19
Let x be 72/14*(-168)/(-18). Calculate the greatest common divisor of x and 6.
6
Suppose -2*q + 10 = 3*q. Suppose 2*v - 6 = -q. Let g be (-79 + v + 0)*-2. Calculate the highest common factor of g and 14.
14
Let d(x) = -x - 4 + 8 - 4 + 31*x**2. Let n be d(1). Let c = 7 + 3. Calculate the highest common factor of c and n.
10
Suppose 3*l + 32 = 4*w + 923, -5*l + w = -1485. Calculate the greatest common divisor of l and 27.
27
Let x(z) = -z**3 + 17*z**2 - 5*z + 20. Let m be x(16). What is the greatest common factor of 49 and m?
49
Suppose 0 = -3*p - 85 + 166. Calculate the greatest common factor of 135 and p.
27
Let m(c) = -39*c - 1. Let u be 2 + ((-4)/1)/1. Let x be m(u). What is the highest common factor of x and 11?
11
Let u = -7 - 3. Let g = 16 + u. Suppose -2*s - s = -45. Calculate the greatest common divisor of g and s.
3
Let v = -116 + 200. Let u = 63 + -24. Suppose 9 = 4*k - u. What is the greatest common factor of v and k?
12
Suppose -2 = 5*h + 8. Let b be (0 - -2)*(h + 5). What is the greatest common factor of 2 and b?
2
Suppose -p = 3*p - 8. Suppose -y = -p*y - 7. Let s(n) = n**3 + 6*n**2 - 11*n - 9. Let u be s(y). Calculate the highest common divisor of u and 19.
19
Let q be ((-2)/4)/((-6)/156). Suppose 4*c = -p - 0*c + 75, -3*c - 12 = 0. Calculate the highest common factor of q and p.
13
Let l be (-148)/(-10) + (-2)/(-10). Suppose 2*y - 5 = l. What is the greatest common divisor of y and 10?
10
Let c be 6*(3 - 7/2). Let j = c + 7. Let n = 0 + j. Calculate the highest common divisor of 1 and n.
1
Let n be (-3)/(-6) - (-77)/2. Let u = 57 - n. What is the greatest common divisor of 27 and u?
9
Let l be 2560/25 - (-2)/(-5). Let g be (-138)/(-8) + 2/(-8). What is the greatest common divisor of l and g?
17
Let n = -15 + 19. Let h be 5110/85 + n/(-34). Let r(k) = -k**2 + 8*k - 3. Let t be r(5). What is the greatest common factor of t and h?
12
Let d(m) = 2*m**2 - 6*m + 1. Let u be d(4). Let v be (-3)/u*-3*85. Let n = 83 + -49. What is the highest common divisor of n and v?
17
Let u = 1 + 0. Let d(y) = -2*y**2 - 1. Let a be d(u). Let p = a - -13. What is the greatest common divisor of p and 80?
10
Let t be (-6)/(-4) + 348/(-24). Let q = t - -23. Let g = 225 + -145. Calculate the greatest common factor of g and q.
10
Let v(m) = m**2 - 5. Let z be v(-4). Calculate the highest common factor of z and 88.
11
Let m = 283 + -153. Let i be m/4 + 2/(-4). Let x(o) = o**3 + 6*o**2 - 6*o - 7. Let u be x(-5). What is the greatest common divisor of i and u?
16
Suppose 2 + 2 = -4*r. Let d be ((-4)/6)/(r/18). Let s(y) = y**3 + 5*y**2 + 4*y + 2. Let k be s(-3). What is the greatest common divisor of k and d?
4
Let j be 4*(18/22 + (-4)/(-22)). Calculate the greatest common factor of j and 20.
4
Let m = 93 + -63. Calculate the greatest common divisor of m and 15.
15
Suppose 0 = -4*v - 4 + 16. Suppose -v*o + o = 14. Let w(b) = 2*b**2 - 5*b + 10. Let d be w(o). Calculate the greatest common factor of 13 and d.
13
Let n(q) = 2*q**2 + 8. Let g be n(-3). Let a(x) = 66*x**3 - 2*x**2 + 1. Let o be a(1). Calculate the greatest common factor of o and g.
13
Suppose -5*p + 41 + 23 = t, -31 = -2*p + 5*t. Suppose 0 = h + 4*h - 30. Suppose 5*o + 143 = h*o. Calculate the highest common factor of o and p.
13
Let i be (-19 + -8 + 4)/(-1). Calculate the greatest common factor of i and 92.
23
Let r(u) = u - 4. Let t be r(8). Suppose 5*c + 2*s = t*s + 30, -5*c + 4*s = -30. Let z = c + -4. What is the greatest common divisor of z and 14?
2
Let v = -9 + 1. Let i be -2 - (26*1)/(-2). Let f = i + v. What is the greatest common factor of f and 27?
3
Suppose 0 = -3*d - 4*r - 0*r + 30, 11 = d + r. What is the highest common factor of d and 98?
14
Let y(g) = 3*g**3 - 4*g**2 - 4*g - 2. Suppose -3*a + 5*a = -3*k + 5, -5*k = 5. Let j be y(a). Calculate the greatest common divisor of j and 10.
10
Let j be (40 + -2)/(5 + 1 + -5). What is the highest common factor of 95 and j?
19
Suppose 5*o = 0, 3*p + 2*o - 34 = p. What is the greatest common divisor of 34 and p?
17
Let k(g) = 4*g**2 + g - 1. Let r be k(-2). Calculate the greatest common divisor of 117 and r.
13
Let g(m) = 5*m**2 + 3*m + 2. Let o be g(-2). Let l = -11 + o. Let y be (12/l)/(18/60). What is the greatest common factor of y and 88?
8
Let n = -127 - -75. Let s = 115 + n. What is the greatest common factor of s and 9?
9
Let l = 33 - 13. Suppose -3*z = -4*b - 119, z - 2*z = -3*b - 83. Let s = -16 - b. What is the highest common factor of l and s?
10
Suppose 8*g = 6*g + 120. Suppose 0 = 2*h - 0*c + c - 19, c = h - 14. Suppose 2*i - h = 13. Calculate the greatest common divisor of i and g.
12
Let l(i) = 11*i**3 - i**2. Let u be l(1). Suppose -u + 105 = 5*q. Calculate the highest common factor of q and 152.
19
Suppose -2*b + 3*j + 4 = 0, 5*j + 7 - 27 = 0. Let k(f) = -4*f - 8. Let q be k(-6). What is the highest common divisor of b and q?
8
Suppose -4*c + 0*c = -4*x - 48, 92 = 5*c + 3*x. Calculate the highest common divisor of c and 2.
2
Let k(s) = -4*s + 16. Let a be k(-8). Calculate the greatest common divisor of 12 and a.
12
Let k be 1/(-3) - 468/(-27). What is the highest common factor of 136 and k?
17
Let b(f) = -f + 9. Let i be b(-9). Suppose s + 11 = -3*q, -s + 5*q + i + 3 = 0. What is the greatest common factor of s and 8?
1
Let g = 6 - -4. Suppose 3*r + 16 = 7*r. Calculate the greatest common factor of g and r.
2
Let q = 282 - 183. Let r = 32 - 23. What is the highest common divisor of r and q?
9
Let a be 6*3*(-1)/2. Suppose 2*i = -30 - 22. Let n = a - i. What is the highest common divisor of 187 and n?
17
Suppose -w + 3 = -4*m - 11, 0 = -2*w + 5*m + 22. Suppose -w*h + 181 = -275. What is the greatest common divisor of 19 and h?
19
Suppose -5*r = -l + 11, -3*l - l = -3*r - 27. What is the greatest common factor of 30 and l?
6
Let x be -35*2*(-2)/10. Let y be 4 - 2 - (0 + -2). Suppose 5*g - 172 = -0*u + u, 0 = 2*g - y*u - 58. Calculate the highest common factor of g and x.
7
Let d be 8/12 + 46/3. Calculate the greatest common factor of 16 and d.
16
Suppose 3*p - 312 = 3*z, -71 = 4*p - 5*z - 491. Calculate the highest common factor of p and 40.
20
Let o = -54 - -103. Let n = -31 + o. What is the highest common factor of 9 and n?
9
Let m be ((-2)/4)/((-12)/8208). Calculate the greatest common divisor of 38 and m.
38
Suppose 3*c - 3 = 5*h, h - 4*c + 8 - 4 = 0. Suppose -p - 6 + 78 = h. What is the highest common divisor of p and 9?
9
Let f(c) = 2*c**2 + 38*c + 8. Let j be f(-19). What is the highest common factor of 12 and j?
4
Let u(v) = 2*v**3 + 17*v**2 + 9*v + 10. Let l be u(-8). What is the highest common factor of l and 6?
2
Let c = 1 + 0. Let h = 10 + -7. Suppose 4*n - 33 = 3*i, 0 = -i - h*i + 4. Calculate the greatest common factor of c and n.
1
Let x(j) = 11*j - 8. Let c be x(4). Calculate the highest common factor of c and 12.
12
Let f = 5 + 0. Suppose f*o - 162 = -12. Suppose -2*s + 2*b = -2*b - o, 2*s - 5*b - 30 = 0. Calculate the highest common factor of s and 3.
3
Suppose -4*f - 4*k = 10 + 18, -5*k - 17 = -4*f. Let j(i) = -6*i**3 - 2*i - 2. Let x be j(f). Calculate the highest common factor of 10 and x.
10
Let g be 9 + -1 - 6/2. Let n = 6 - g. Let r be (-1)/n - -10*1. Calculate the highest common factor of r and 81.
9
Let i(l) = l**3 + 13*l**2 + 10*l + 3. Let b be i(-12). Calculate the highest common factor of 9 and b.
9
Let g = 292 + -194. What is the highest common factor of g and 7?
7
Suppose -2*w - w + 212 = -m, 2*m + 4 = 0. What is the greatest common divisor of 10 and w?
10
Let w be 1*(5 + (-3)/3). Calculate the highest common factor of w and 16.
4
Let g be 392/20 + (-12)/20 + 3. What is the highest common divisor of 2 and g?
2
Suppose 3*u - 4*d - 32 = -5, 5*d = -2*u - 5. Suppose -u*q = -3*g - 38, q - 4*g - 24 = -3*q. What is the highest common divisor of q and 80?
10
Let w(c) = -12*c**3 - c**2 + 1. Let z be w(-1). Let a be 8 - ((-14)/(-21) + 12/9). Calculate the highest common factor of a and z.
6
Suppose -7*h + 20 + 22 = 0. What is the greatest common factor of 48 and h?
6
Suppose 2*b = 3*b - 3. Suppose -5*s + b*l + 235 = 0, -3*s + 4*s = l + 49. Let n be 6 - (-1 + 3)*1. What is the highest common divisor of n and s?
4
Suppose 2*y - y - 26 =